3?
3
What is the tens digit of 146?
4
What is the hundreds digit of 1715?
7
What is the thousands digit of 11989?
1
What is the thousands digit of 4554?
4
What is the hundreds digit of 12990?
9
What is the ten thousands digit of 10486?
1
What is the thousands digit of 91270?
1
What is the thousands digit of 148029?
8
What is the thousands digit of 8228?
8
What is the tens digit of 30058?
5
What is the units digit of 2397?
7
What is the hundreds digit of 2053?
0
What is the units digit of 1039?
9
What is the units digit of 31901?
1
What is the hundreds digit of 6066?
0
What is the ten thousands digit of 58529?
5
What is the units digit of 1927?
7
What is the units digit of 13836?
6
What is the tens digit of 175?
7
What is the hundreds digit of 8112?
1
What is the hundreds digit of 84552?
5
What is the tens digit of 1050?
5
What is the hundreds digit of 2813?
8
What is the tens digit of 3735?
3
What is the tens digit of 67991?
9
What is the ten thousands digit of 106794?
0
What is the hundreds digit of 2060?
0
What is the units digit of 105105?
5
What is the hundreds digit of 1083?
0
What is the thousands digit of 1060?
1
What is the thousands digit of 2001?
2
What is the units digit of 29572?
2
What is the tens digit of 14322?
2
What is the units digit of 74738?
8
What is the hundreds digit of 15166?
1
What is the hundreds digit of 6808?
8
What is the ten thousands digit of 67516?
6
What is the units digit of 392?
2
What is the units digit of 5526?
6
What is the ten thousands digit of 117427?
1
What is the units digit of 7617?
7
What is the thousands digit of 12023?
2
What is the hundreds digit of 952?
9
What is the units digit of 101?
1
What is the hundreds digit of 262?
2
What is the units digit of 61953?
3
What is the tens digit of 3203?
0
What is the hundreds digit of 233?
2
What is the hundreds digit of 16517?
5
What is the units digit of 12511?
1
What is the hundreds digit of 1210?
2
What is the hundreds digit of 6727?
7
What is the units digit of 6490?
0
What is the hundreds digit of 12464?
4
What is the tens digit of 4111?
1
What is the tens digit of 11909?
0
What is the hundreds digit of 10710?
7
What is the tens digit of 796?
9
What is the tens digit of 19303?
0
What is the thousands digit of 2689?
2
What is the thousands digit of 2127?
2
What is the ten thousands digit of 25864?
2
What is the hundreds digit of 80576?
5
What is the hundreds digit of 8765?
7
What is the tens digit of 2655?
5
What is the thousands digit of 7735?
7
What is the tens digit of 24854?
5
What is the hundreds digit of 2665?
6
What is the units digit of 71677?
7
What is the tens digit of 27455?
5
What is the thousands digit of 6321?
6
What is the thousands digit of 5783?
5
What is the units digit of 450?
0
What is the thousands digit of 37278?
7
What is the tens digit of 390?
9
What is the units digit of 8496?
6
What is the thousands digit of 16011?
6
What is the hundreds digit of 4544?
5
What is the units digit of 74160?
0
What is the hundreds digit of 6461?
4
What is the ten thousands digit of 10108?
1
What is the hundreds digit of 4416?
4
What is the units digit of 60?
0
What is the tens digit of 42853?
5
What is the ten thousands digit of 38221?
3
What is the tens digit of 3464?
6
What is the hundred thousands digit of 133954?
1
What is the hundreds digit of 87417?
4
What is the tens digit of 3131?
3
What is the units digit of 173?
3
What is the units digit of 177?
7
What is the units digit of 6969?
9
What is the ten thousands digit of 19042?
1
What is the tens digit of 447?
4
What is the ten thousands digit of 15211?
1
What is the units digit of 3897?
7
What is the hundreds digit of 110616?
6
What is the units digit of 163389?
9
What is the units digit of 14186?
6
What is the ten thousands digit of 135962?
3
What is the thousands digit of 22046?
2
What is the tens digit of 7811?
1
What is the tens digit of 337?
3
What is the units digit of 3991?
1
What is the tens digit of 13025?
2
What is the ten thousands digit of 20098?
2
What is the hundreds digit of 29399?
3
What is the units digit of 254?
4
What is the units digit of 772?
2
What is the tens digit of 121813?
1
What is the hundreds digit of 4026?
0
What is the hundreds digit of 6282?
2
What is the hundreds digit of 2891?
8
What is the tens digit of 110?
1
What is the units digit of 170762?
2
What is the thousands digit of 3259?
3
What is the thousands digit of 125939?
5
What is the thousands digit of 13700?
3
What is the tens digit of 3766?
6
What is the units digit of 46407?
7
What is the thousands digit of 3470?
3
What is the thousands digit of 130717?
0
What is the thousands digit of 25582?
5
What is the units digit of 3905?
5
What is the tens digit of 29455?
5
What is the units digit of 5759?
9
What is the units digit of 634?
4
What is the units digit of 44598?
8
What is the units digit of 437?
7
What is the tens digit of 942?
4
What is the units digit of 140766?
6
What is the tens digit of 12129?
2
What is the hundreds digit of 5945?
9
What is the tens digit of 47526?
2
What is the units digit of 2702?
2
What is the tens digit of 155?
5
What is the hundreds digit of 199?
1
What is the tens digit of 1142?
4
What is the ten thousands digit of 51337?
5
What is the tens digit of 874?
7
What is the units digit of 403?
3
What is the ten thousands digit of 56315?
5
What is the tens digit of 1110?
1
What is the units digit of 416?
6
What is the hundreds digit of 4719?
7
What is the thousands digit of 43217?
3
What is the units digit of 3057?
7
What is the thousands digit of 41720?
1
What is the tens digit of 773?
7
What is the tens digit of 901?
0
What is the tens digit of 4128?
2
What is the units digit of 6705?
5
What is the tens digit of 2377?
7
What is the ten thousands digit of 67153?
6
What is the hundreds digit of 39329?
3
What is the thousands digit of 2856?
2
What is the tens digit of 1016?
1
What is the units digit of 1132?
2
What is the units digit of 1149?
9
What is the units digit of 30666?
6
What is the tens digit of 7945?
4
What is the tens digit of 1585?
8
What is the thousands digit of 1100?
1
What is the thousands digit of 3311?
3
What is the units digit of 34158?
8
What is the ten thousands digit of 10955?
1
What is the units digit of 37089?
9
What is the tens digit of 14837?
3
What is the hundreds digit of 124?
1
What is the thousands digit of 1728?
1
What is the tens digit of 3445?
4
What is the units digit of 1551?
1
What is the units digit of 7685?
5
What is the thousands digit of 1393?
1
What is the hundreds digit of 9880?
8
What is the hundreds digit of 26563?
5
What is the ten thousands digit of 14857?
1
What is the tens digit of 1392?
9
What is the hundreds digit of 917?
9
What is the tens digit of 2445?
4
What is the thousands digit of 1865?
1
What is the tens digit of 2045?
4
What is the thousands digit of 27684?
7
What is the units digit of 1563?
3
What is the ten thousands digit of 23527?
2
What is the ten thousands digit of 20127?
2
What is the thousands digit of 2718?
2
What is the hundreds digit of 889?
8
What is the ten thousands digit of 15179?
1
What is the tens digit of 1162?
6
What is the tens digit of 36689?
8
What is the units digit of 95563?
3
What is the thousands digit of 1441?
1
What is the hundreds digit of 2903?
9
What is the tens digit of 6619?
1
What is the tens digit of 582?
8
What is the units digit of 968?
8
What is the hundreds digit of 1004?
0
What is the hundreds digit of 1056?
0
What is the hundreds digit of 796?
7
What is the tens digit of 6010?
1
What is the ten thousands digit of 34624?
3
What is the tens digit of 67783?
8
What is the hundreds digit of 856?
8
What is the units digit of 5326?
6
What is the thousands digit of 1002?
1
What is the tens digit of 215?
1
What is the tens digit of 835?
3
What is the tens digit of 906?
0
What is the tens digit of 2941?
4
What is the units digit of 9107?
7
What is the hundreds digit of 440?
4
What is the units digit of 18309?
9
What is the thousands digit of 14980?
4
What is the thousands digit of 118106?
8
What is the tens digit of 7527?
2
What is the hundreds digit of 9519?
5
What is the hundreds digit of 9170?
1
What is the tens digit of 1144?
4
What is the units digit of 1913?
3
What is the tens di